{"id":121,"date":"2026-02-23T18:09:39","date_gmt":"2026-02-23T17:09:39","guid":{"rendered":"https:\/\/wir-in-langenhorn.de\/?page_id=121"},"modified":"2026-03-10T19:25:04","modified_gmt":"2026-03-10T18:25:04","slug":"einblicke-ueber-uns","status":"publish","type":"page","link":"https:\/\/wir-in-langenhorn.de\/?page_id=121","title":{"rendered":"Einblicke &#8211; \u00dcber uns"},"content":{"rendered":"\n<p>Projektgruppe Homepage im Quartier Langenhorn<\/p>\n\n\n\n<p><strong>Anstehende Veranstaltungen<\/strong><\/p>\n\n\n\n<p>Gemeinschaft lebt vom Miteinander. So haben sich in der Hans-Schwenkel Wohnanlage einige Veranstaltungen entwickelt, die allein vom Engagement der Aktiven und der Mietervertreter leben.<\/p>\n\n\n\n<p>Alle Engagierten sind immer bem\u00fcht Projekte zu verwirklichen, die sowohl f\u00fcr die \u00e4lteren Mieter*innen als auch f\u00fcr die zahlreichen jungen Familien mit Kindern attraktiv sind. Die daraus entstehenden Veranstaltungen einen der Gedanke Nachbar*innen zusammen zu bringen und den Austausch zu pflegen. Besonders beliebt ist die Kaffee- und Kuchenrunde, die immer am 2. Sonntag im Monat viele Menschen verbindet im gem\u00fctlichen Beisammensein. Auch das gemeinsame Fr\u00fchst\u00fcck am letzten Freitag des Monats, bei dem alle Besucher etwas zum B\u00fcfett beisteuern, erfreut Seele und Magen der Teilnehmenden.<\/p>\n\n\n\n<p>Auch der Flohmarkt im Quartier entwickelt sich im Laufe der letzten Jahre zu einer festen Institution, der nicht nur Besucher aus dem Quartier, sondern auch viele Menschen aus der Nachbarschaft begeistert. Am 14. September ist es wieder soweit, wenn es hei\u00dft alles muss raus, was dann neue Freunde finden wird.<\/p>\n\n\n\n<p>F\u00fcr die J\u00fcngeren ist die Halloweenparty (31. Oktober im Quartierstreff) ein toller Termin im Kalender, der viele anlockt. Nicht nur die Kids sind begeistert von der Party, sondern auch die Eltern lernen sich in lockerer Atmosph\u00e4re noch besser kennen.<\/p>\n\n\n\n<p>Von Seiten der Vertreter hat der Laternenumzug f\u00fcr die Kleinen eine jahrzehntelange Tradition. Flankiert wird der Umzug von den Kl\u00e4ngen eines Spielmannszuges und hinterher darf man sich noch auf Punsch und W\u00fcrstchen freuen.<\/p>\n\n\n\n<p>In die gleiche Richtung geht auch das seit letztem Jahr initiierte gemeinsame Pl\u00e4tzchenbacken, welches ein bunter und lebendiger Reigen war, der queer durch alle Generationen die Herzen erfreute. Auch dieses Jahr wird die Veranstaltung, die von vielen Aktiven auf die Beine gestellt wird, wieder Freude und die Lust am gemeinsamen Miteinander bef\u00f6rdern.<\/p>\n\n\n\n<p>F\u00fcr alle noch kommenden Veranstaltungen im Laufe des Jahres werden Sie\/ihr noch \u00fcber Flyer rechtzeitig informiert werden<\/p>\n\n\n\n<figure class=\"wp-block-image size-full\"><img loading=\"lazy\" decoding=\"async\" width=\"965\" height=\"724\" src=\"https:\/\/wir-in-langenhorn.de\/wp-content\/uploads\/2026\/03\/csm_sz_ve31_1ba_0918_034_eae379ccc8.webp\" alt=\"\" class=\"wp-image-198\" srcset=\"https:\/\/wir-in-langenhorn.de\/wp-content\/uploads\/2026\/03\/csm_sz_ve31_1ba_0918_034_eae379ccc8.webp 965w, https:\/\/wir-in-langenhorn.de\/wp-content\/uploads\/2026\/03\/csm_sz_ve31_1ba_0918_034_eae379ccc8-300x225.webp 300w, https:\/\/wir-in-langenhorn.de\/wp-content\/uploads\/2026\/03\/csm_sz_ve31_1ba_0918_034_eae379ccc8-768x576.webp 768w\" sizes=\"auto, (max-width: 965px) 100vw, 965px\" \/><\/figure>\n","protected":false},"excerpt":{"rendered":"<p>Projektgruppe Homepage im Quartier Langenhorn Anstehende Veranstaltungen Gemeinschaft lebt vom Miteinander. So haben sich in der Hans-Schwenkel Wohnanlage einige Veranstaltungen entwickelt, die allein vom Engagement der Aktiven und der Mietervertreter [&hellip;]<\/p>\n","protected":false},"author":1,"featured_media":0,"parent":0,"menu_order":0,"comment_status":"closed","ping_status":"closed","template":"","meta":{"_EventAllDay":false,"_EventTimezone":"","_EventStartDate":"","_EventEndDate":"","_EventStartDateUTC":"","_EventEndDateUTC":"","_EventShowMap":false,"_EventShowMapLink":false,"_EventURL":"","_EventCost":"","_EventCostDescription":"","_EventCurrencySymbol":"","_EventCurrencyCode":"","_EventCurrencyPosition":"","_EventDateTimeSeparator":"","_EventTimeRangeSeparator":"","_EventOrganizerID":[],"_EventVenueID":[],"_OrganizerEmail":"","_OrganizerPhone":"","_OrganizerWebsite":"","_VenueAddress":"","_VenueCity":"","_VenueCountry":"","_VenueProvince":"","_VenueState":"","_VenueZip":"","_VenuePhone":"","_VenueURL":"","_VenueStateProvince":"","_VenueLat":"","_VenueLng":"","_VenueShowMap":false,"_VenueShowMapLink":false,"footnotes":""},"class_list":["post-121","page","type-page","status-publish","hentry"],"_links":{"self":[{"href":"https:\/\/wir-in-langenhorn.de\/index.php?rest_route=\/wp\/v2\/pages\/121","targetHints":{"allow":["GET"]}}],"collection":[{"href":"https:\/\/wir-in-langenhorn.de\/index.php?rest_route=\/wp\/v2\/pages"}],"about":[{"href":"https:\/\/wir-in-langenhorn.de\/index.php?rest_route=\/wp\/v2\/types\/page"}],"author":[{"embeddable":true,"href":"https:\/\/wir-in-langenhorn.de\/index.php?rest_route=\/wp\/v2\/users\/1"}],"replies":[{"embeddable":true,"href":"https:\/\/wir-in-langenhorn.de\/index.php?rest_route=%2Fwp%2Fv2%2Fcomments&post=121"}],"version-history":[{"count":3,"href":"https:\/\/wir-in-langenhorn.de\/index.php?rest_route=\/wp\/v2\/pages\/121\/revisions"}],"predecessor-version":[{"id":200,"href":"https:\/\/wir-in-langenhorn.de\/index.php?rest_route=\/wp\/v2\/pages\/121\/revisions\/200"}],"wp:attachment":[{"href":"https:\/\/wir-in-langenhorn.de\/index.php?rest_route=%2Fwp%2Fv2%2Fmedia&parent=121"}],"curies":[{"name":"wp","href":"https:\/\/api.w.org\/{rel}","templated":true}]}}

Einblicke &#8211; Über uns

<p>Projektgruppe Homepage im Quartier Langenhorn</p>



<p><strong>Anstehende Veranstaltungen</strong></p>



<p>Gemeinschaft lebt vom Miteinander. So haben sich in der Hans-Schwenkel Wohnanlage einige Veranstaltungen entwickelt, die allein vom Engagement der Aktiven und der Mietervertreter leben.</p>



<p>Alle Engagierten sind immer bemüht Projekte zu verwirklichen, die sowohl für die älteren Mieter*innen als auch für die zahlreichen jungen Familien mit Kindern attraktiv sind. Die daraus entstehenden Veranstaltungen einen der Gedanke Nachbar*innen zusammen zu bringen und den Austausch zu pflegen. Besonders beliebt ist die Kaffee- und Kuchenrunde, die immer am 2. Sonntag im Monat viele Menschen verbindet im gemütlichen Beisammensein. Auch das gemeinsame Frühstück am letzten Freitag des Monats, bei dem alle Besucher etwas zum Büfett beisteuern, erfreut Seele und Magen der Teilnehmenden.</p>



<p>Auch der Flohmarkt im Quartier entwickelt sich im Laufe der letzten Jahre zu einer festen Institution, der nicht nur Besucher aus dem Quartier, sondern auch viele Menschen aus der Nachbarschaft begeistert. Am 14. September ist es wieder soweit, wenn es heißt alles muss raus, was dann neue Freunde finden wird.</p>



<p>Für die Jüngeren ist die Halloweenparty (31. Oktober im Quartierstreff) ein toller Termin im Kalender, der viele anlockt. Nicht nur die Kids sind begeistert von der Party, sondern auch die Eltern lernen sich in lockerer Atmosphäre noch besser kennen.</p>



<p>Von Seiten der Vertreter hat der Laternenumzug für die Kleinen eine jahrzehntelange Tradition. Flankiert wird der Umzug von den Klängen eines Spielmannszuges und hinterher darf man sich noch auf Punsch und Würstchen freuen.</p>



<p>In die gleiche Richtung geht auch das seit letztem Jahr initiierte gemeinsame Plätzchenbacken, welches ein bunter und lebendiger Reigen war, der queer durch alle Generationen die Herzen erfreute. Auch dieses Jahr wird die Veranstaltung, die von vielen Aktiven auf die Beine gestellt wird, wieder Freude und die Lust am gemeinsamen Miteinander befördern.</p>



<p>Für alle noch kommenden Veranstaltungen im Laufe des Jahres werden Sie/ihr noch über Flyer rechtzeitig informiert werden</p>



<figure class="wp-block-image size-full"><img loading="lazy" decoding="async" width="965" height="724" src="https://wir-in-langenhorn.de/wp-content/uploads/2026/03/csm_sz_ve31_1ba_0918_034_eae379ccc8.webp" alt="" class="wp-image-198" srcset="https://wir-in-langenhorn.de/wp-content/uploads/2026/03/csm_sz_ve31_1ba_0918_034_eae379ccc8.webp 965w, https://wir-in-langenhorn.de/wp-content/uploads/2026/03/csm_sz_ve31_1ba_0918_034_eae379ccc8-300x225.webp 300w, https://wir-in-langenhorn.de/wp-content/uploads/2026/03/csm_sz_ve31_1ba_0918_034_eae379ccc8-768x576.webp 768w" sizes="auto, (max-width: 965px) 100vw, 965px" /></figure>
